e 0 = -5*x + l - 15. List the prime factors of x.
2, 3
What are the prime factors of (-9 - (-208)/24)/((-2)/21876)?
2, 1823
Let l(y) = 2*y**2 + 13*y - 11. Let i(x) = x**2 - 10*x - 20. Let b be i(11). List the prime factors of l(b).
2, 17
Let c = -12 + 14. Suppose -2*g + 2*d = -c*d - 28, -4*g = -3*d - 36. Suppose 12 = -3*i + g*i. List the prime factors of i.
2
Suppose 5*k + 9 = -4*k. Let n(u) = -1 + 38*u**2 + 3 - 2. List the prime factors of n(k).
2, 19
Suppose 2*d + 2*l + 2094 = 4*d, 5*d - 5259 = -3*l. What are the prime factors of d?
2, 3, 5, 7
Suppose 5*v - v = s + 23, -5*v - s + 31 = 0. Let r(z) = 11*z - 9. List the prime factors of r(v).
3, 19
Let r = -52 + 46. What are the prime factors of ((-4)/r)/((-10)/(-1530))?
2, 3, 17
Let i = -76 - -586. Suppose i + 162 = 4*f. What are the prime factors of f?
2, 3, 7
Let m be (-1)/(-3)*0/(-8). Let v be m*(7/2)/(-7). Suppose v*q + 5*q - 109 = -3*l, 2*l = q + 90. What are the prime factors of l?
43
Let c(w) = 2*w**2 + 31*w + 5. Suppose -16 - 120 = 8*g. List the prime factors of c(g).
2, 7
Suppose 12*d - 7*d - 35 = 0. Suppose -5*f - 76 = -d*f. What are the prime factors of f?
2, 19
Let j(g) = 42*g**2 + 18. List the prime factors of j(9).
2, 3, 5, 19
Suppose 5*c - 2412 = -3*o, -3*o + 251 = 3*c - 1195. List the prime factors of c.
3, 7, 23
Let l(q) = -15*q - 19. Let b be l(-5). Let h = -43 + b. List the prime factors of h.
13
Suppose 0 = z - 3*z. Suppose -20 + 0 = -5*w - 4*c, 2*w - c - 8 = z. Suppose -3*o = 2*p - 37, 4*p - o = -w*o + 59. List the prime factors of p.
11
Let k(c) = -186*c**3 + 8*c**2 - 6*c - 9. What are the prime factors of k(-3)?
3, 7
List the prime factors of ((-7)/5 + 3)/((-2)/(-125)).
2, 5
Suppose 5*p + 104 - 855 = -4*a, 2*p = -2*a + 376. What are the prime factors of a?
3, 7
Suppose 0 = -4*k - s + 19, s = -3*s - 4. Suppose -k*q + 221 = -4. What are the prime factors of q?
3, 5
Suppose 5*y + 4*z = 0, 4*y - 6 = 3*z - 5*z. Suppose 0 = -8*n + y*n - 4*g + 856, g = 2. What are the prime factors of n?
2, 53
Let r(y) = -2 - y + 12 - 4. List the prime factors of r(-10).
2
Let k = -73 - -63. Let f(m) = 2*m**2 + 4*m + 2. List the prime factors of f(k).
2, 3
Let m = -1514 - -2574. What are the prime factors of m?
2, 5, 53
Let c(o) = 70*o**2 - 23*o - 83. What are the prime factors of c(-4)?
1129
Let z = 11 + -8. Suppose r = 5*t - z*r - 117, 78 = 4*t + 2*r. Suppose -d = -16 - t. List the prime factors of d.
37
Let g(m) = 2 - 5*m + m + 7*m**2 - 9 + 0*m. Let j be g(-3). Suppose 4*s = 2*s + j. List the prime factors of s.
2, 17
Let b = -67 - -119. Suppose a - 45 = b. What are the prime factors of a?
97
Let b(l) = -12*l + l**2 - 11*l**3 - 2*l**2 + 3*l - 1 + 8*l. What are the prime factors of b(-2)?
5, 17
Let a be 2*1/1 - 0. Suppose 5*x + 3*w = 7, -2*x - a*w + 0*w + 2 = 0. Suppose -5*i + b = -4*b - 100, 3*b = x*i - 43. What are the prime factors of i?
17
Let r(t) = 6*t**3 - 5 + t**2 - 7*t**3 + 3 + t - 15*t**3. What are the prime factors of r(-2)?
2
Suppose 9*k - 294 = 7*k. Suppose 0 = b - 4*b + k. What are the prime factors of b?
7
Let c(o) = o**2 - 10*o - 9 - 2*o**2 - 3 + 1. Let h be c(-12). Let t = -13 - h. What are the prime factors of t?
2, 11
Let k = 15 + -1. List the prime factors of 1*(3 + k) + 3.
2, 5
Let y(l) = 2*l - 16. Let b be y(7). List the prime factors of 74 - (-15)/10*b.
71
Suppose 8898 = 2*u - 5*i - 1252, 15203 = 3*u - 2*i. List the prime factors of u.
5, 1013
Let p be 2/6 + 3/(-9). Let k = -4 - p. Let g = k + 10. List the prime factors of g.
2, 3
Let h = 2333 - 1212. List the prime factors of h.
19, 59
Let c = 303 + 1500. List the prime factors of c.
3, 601
Suppose -5*n = 2*m - 5191, -n = 14 - 19. What are the prime factors of m?
3, 7, 41
Suppose -11*d + 42 = 9. List the prime factors of 12/d + (-1029)/(-7).
151
Suppose 2*z - 70 = -z + 2*d, 0 = -2*z - d + 49. Suppose 3*p + 2*h + 2 = 3*h, -4*h = 4*p + z. What are the prime factors of 159/4 + p/(-8)?
2, 5
Suppose 46 = 4*k - 174. Let l be (-6)/6*37/1. Let h = l + k. List the prime factors of h.
2, 3
Let w(j) = 0*j**3 - 7 + 5*j**2 - 13*j + 4*j**3 - 5*j**3 + 11*j. Let s be w(4). Suppose -8*p = s - 585. What are the prime factors of p?
73
Let a = -8 - -13. Let n = 261 - -48. Suppose -a*k = -0*x + x - n, -2*k = 2*x - 130. List the prime factors of k.
61
Suppose -3*r - 4*x = -185, -3*x - 280 = -4*r - 0*x. Let t be (-2470)/76 + 3/2. Let k = t + r. What are the prime factors of k?
2, 3
Suppose 0 = -a - 3*a + 16. Let r = 54 + -43. Suppose 0 = -a*l + 3*w + 83, -47 = -4*l - 2*w + r. What are the prime factors of l?
17
Let r be ((-6)/(-8))/((-2 - 0)/(-8)). Suppose r*o = 6, b = 2*o + 3*o + 107. What are the prime factors of b?
3, 13
Suppose 0 = 16*x - 8985 - 87. List the prime factors of x.
3, 7
Let z(u) = 25*u - 3. Let k be z(2). Suppose -3*h + p - k = 24, 4*h + 3*p = -99. Let m = h - -51. What are the prime factors of m?
3
Let z(r) be the first derivative of r**2/2 + 4*r + 1. Let s be z(-4). Suppose s = -3*j - 7 + 64. List the prime factors of j.
19
Let p(y) = -7*y + 4. Let q be p(2). Let u = q + 13. Suppose -4*b - 25 = -3*g, -u*b + 0*b - 45 = -4*g. What are the prime factors of g?
3, 5
Let w(t) = -t**2 - 6*t - 3. Let v be w(-7). Let u be 6/v + (-3)/(-5). Let l(j) = -j**2 + 2*j + 55. List the prime factors of l(u).
5, 11
Let t(y) = 4*y**2 - 5*y - 5. Let s(k) = 2*k**2 - 2*k - 2. Let q(l) = 5*s(l) - 2*t(l). Let z be q(5). Let h = -7 + z. What are the prime factors of h?
43
Let u = -21 - -24. Let a = u + 25. List the prime factors of a.
2, 7
Suppose -18*y = -22*y + 20. Suppose -11*z = -9*z - y*l - 364, -5*z = 3*l - 848. List the prime factors of z.
2, 43
Let k(m) = -1004*m - 655. What are the prime factors of k(-5)?
3, 5, 97
Let x be 3 + 3 + -3 + 74. List the prime factors of (4 - x/21)*1*501.
167
Suppose 5*m - 14 - 256 = 0. Let t(s) = -62*s + 62*s + m*s**2 - 3*s**2 - 1. What are the prime factors of t(-1)?
2, 5
What are the prime factors of 8/(-22) - 788490/(-330)?
2389
Suppose -4 + 14 = 5*s. Suppose 3*y = -s*n - 3, -4*n + 0*n + 24 = -4*y. Suppose -47 = -n*t - 3*f + 16, -f = 1. What are the prime factors of t?
2, 11
Suppose 2*u = -4*n + 4076, -4066 = -2*u - 12*n + 10*n. List the prime factors of u.
2, 3, 13
Suppose 5*x - 23 = 2*s, 0 = -3*x - 2*x - 3*s + 28. Suppose -x*j + 0*j = -w - 79, -4*j = -4*w - 60. Suppose j = 3*a - 23. List the prime factors of a.
13
What are the prime factors of 29/116 - 5550/(-8)?
2, 347
Suppose -3*t = -s - 3678, -5*t + 2*t - 5*s + 3660 = 0. What are the prime factors of t?
5, 7
Let n be (-4)/(-20) + (-28)/(-10). Let h = 36 - n. List the prime factors of h.
3, 11
What are the prime factors of 18/180 + 28739/10 + 1?
5, 23
Suppose 0 = -0*h - 5*h + 5. Suppose -t + h = -3. Suppose -2*q = -28 + t. What are the prime factors of q?
2, 3
Let q(d) = -8 - 2 - 2*d + d. Let c be q(-11). Suppose -4*r + 9 - c = 0. List the prime factors of r.
2
List the prime factors of 2510 + 5*(-8)/80*-2.
3, 31
Let f = 14 - 8. Suppose -2*q = 0, 3*m - 4*q = -9*q + f. Let v = m - -5. List the prime factors of v.
7
Let p = 295 + -142. Suppose -399 = -8*c + p. What are the prime factors of c?
3, 23
Let c be 1/(-4) + 255/(-68). Let h(k) = k**3 + 4*k**2 + 2*k + 5. Let g be h(c). List the prime factors of 1/3 - 197/g.
2, 3, 11
Suppose 2*o - 5*o = -492. Suppose r - 2*m + 4*m - 89 = 0, 3*m + o = 2*r. Let p = 143 - r. List the prime factors of p.
2, 29
Suppose -3*j = -7*j + 108. Let b = -52 + j. Let y = -23 - b. What are the prime factors of y?
2
Let i(w) = w**2 - 11*w - 11. Let k be i(12). Let r be (k - 4) + (-32)/(-4). Let s = 10 + r. List the prime factors of s.
3, 5
Suppose 5*f - f - 16 = 0. Let j(s) = 2*s**3 - 4*s**2 - 5*s + 2. List the prime factors of j(f).
2, 23
Suppose 3*a - 90 = -3*n, -n - 2*n + 140 = 5*a. Let w be (-13)/(-4 + -1 + 4). Let v = a - w. List the prime factors of v.
2, 3
Let g(j) = 2*j - 12. Let z be g(5). Let i be 25/z - 6/(-4). List the prime factors of (1 + i)*(-6)/15.
2
Let o(c) = -7*c**3 + 8*c**2 + 4*c + 19. Let m(j) = 6*j**3 - 8*j**2 - 4*j - 18. Let n(b) = 6*m(b) + 5*o(b). List the prime factors of n(9).
2
Let v be (-10)/(-10) - (-6)/2. Suppose -224 = 2*q - 3*q. Suppose -q - 16 = -v*l. What are the prime factors of l?
2, 3, 5
Let f(m) = m**3 - 7*m**2 - 35*m - 13. What are the prime factors of f(12)?
7, 41
Let i(s) be the third de